7*u - 24. What are the prime factors of i(-5)?
61
Let y(f) be the third derivative of -f**4/8 - 7*f**3/6 - 3*f**2. List the prime factors of y(-11).
2, 13
Let y be (4 - 2)*(-2)/(-1). Let k = 5 - y. Suppose -c = s - 2*c + k, 0 = -s - 5*c + 17. List the prime factors of s.
2
Suppose 5*b = 3*x - 0*b - 70, -2*x = -4*b - 50. Let f = x + -8. What are the prime factors of f?
7
Suppose 2*x = -4*q + 30, -10 = -5*q + 3*x - 0. Suppose -q*y = -2*c - 35, 2*c - 5 = -4*y - c. What are the prime factors of -4*((-5)/2)/y?
2
Let c = -21 + 32. Let b(z) = -c*z - 3 + 6 - 2. List the prime factors of b(-1).
2, 3
Let b = -9 - -14. Suppose -44 = -i - 3*i - 3*o, b*o = 5*i - 90. Let z = i - -7. What are the prime factors of z?
3, 7
Let v(g) = g**2 + 10*g + 4. What are the prime factors of v(-10)?
2
Let f(y) = 2 + 0*y**2 + 4*y**2 - 1 + 3*y. Let p be -4*-1*2/(-4). What are the prime factors of f(p)?
11
Let k be 2 - 2 - 2*-14. Let t = 7 + -3. Suppose t*r = -0*r + k. List the prime factors of r.
7
Suppose -3*m + 4*m - 33 = 0. What are the prime factors of m?
3, 11
Let i = -55 + 118. What are the prime factors of i?
3, 7
Suppose 4 = -4*h, -5*j + 1 + 5 = 4*h. Suppose 0*n + j = n. List the prime factors of n.
2
Let l(s) = -s**3 + 4*s**2 + 3*s - 1. List the prime factors of l(4).
11
Let u = 0 + -2. List the prime factors of u - 0/(-2) - -6.
2
Suppose h = -d + 1, 0 = 5*d - 3*h - 23 + 2. Suppose 2*y = -3*p + 74, 2*y = d*p - 0*p + 62. Let i = -19 + y. List the prime factors of i.
3, 5
Let p(t) = -t**2 - 4 + 4*t - 4*t - 3*t. Let k be p(-3). What are the prime factors of (-2)/(k/14) + -2?
5
Let c(s) = 5*s**2 + s + 2. Let d be 0 - (0 + 2) - 0. Let a be c(d). Suppose -v - a = -5*v. List the prime factors of v.
5
Let a(b) = -b**2 - 13*b + 3. List the prime factors of a(-9).
3, 13
Let j = 46 - 16. Let p = -4 + j. Suppose -3*n - 3*o + 39 = 0, -4*n + 5*o - 10 + p = 0. What are the prime factors of n?
3
Let j be (-14)/(-4) - (-3)/(-6). Suppose -13*h + 12*h + j = 0. What are the prime factors of h?
3
Suppose r - 95 = -4*r + 2*b, -5*r = 5*b - 130. Let y = r - 11. List the prime factors of y.
2, 5
Let q(k) = k**3 - 14*k**2 - k + 24. List the prime factors of q(14).
2, 5
What are the prime factors of -1 + 55 - (-15 + 13)?
2, 7
Let p = -12 - -32. List the prime factors of p.
2, 5
Let h = 1 - -6. Let m = h + 6. What are the prime factors of m?
13
Let g = 111 + -42. List the prime factors of g.
3, 23
Let q be 8/1 + 8/4. Suppose 0 = 5*g - q. List the prime factors of g.
2
Suppose -3*c - 31 + 115 = 0. Suppose -3*p + 5*p - 4*j - c = 0, -5*j - 71 = -4*p. List the prime factors of p.
2, 3
Suppose 3*g = 5*d + 686, -5*g + d + 684 = -496. List the prime factors of g.
3, 79
Suppose -4*z + 7*z + 6 = 0. Let p(f) = -4*f + 2. What are the prime factors of p(z)?
2, 5
Let v be (1 + 0)*2/1. Let s(t) = -t**3 + 2*t**2. Let d be s(v). Suppose d = -2*f - 4*u + 10, -f + 2*u + 9 = -4. What are the prime factors of f?
3
Suppose -2*x - 4*i = -0*x - 60, -4*x + 132 = 4*i. What are the prime factors of x?
2, 3
Let r(y) = -y**3 + 6*y**2 + 5*y - 4. Suppose -5*h = s + 4, 3*s - 2*h - 15 - 7 = 0. List the prime factors of r(s).
2, 13
Suppose -5*t - 4*l = -132, -4*t + 11 = 5*l - 91. Suppose 0 = o + 2, 3*o = 4*x + 2*o - 354. Suppose -x = -5*a - t. List the prime factors of a.
2, 3
Let f = 2 - 2. Suppose f*t + 4*t - 44 = 0. List the prime factors of t.
11
Let y be 0/2*(1 + 0). Let d = 4 - y. Let b = d + 6. List the prime factors of b.
2, 5
Suppose 16 = 4*q - 4*w, q + q - 4*w = 0. Let c = q - 5. Suppose -5*t = -3*z - 37 - 1, -2*t + 17 = -c*z. List the prime factors of t.
7
List the prime factors of 1*(7 - 3 - -24).
2, 7
Suppose o = 4*a - o - 122, 3*a = -2*o + 88. What are the prime factors of a?
2, 3, 5
Let i be -1*3*16/(-24). Suppose i*a - 35 = 43. Suppose 15 = 5*o, 6*o - 3*o - a = -3*n. What are the prime factors of n?
2, 5
Suppose -2*o = 3 - 5. Let v = o - -1. What are the prime factors of 2*(-1 + v) + 1?
3
List the prime factors of -1*(-16 + (-3)/1).
19
Suppose 2*n = 4*g - 6 + 32, -5*n + 33 = -2*g. What are the prime factors of g/2 - (-44 + 11)?
31
Suppose 0*q + 3*q - p - 123 = 0, 0 = 5*p. List the prime factors of q.
41
Suppose -2*r = -n - 4 - 19, 0 = -3*r + 5*n + 17. What are the prime factors of r?
2, 7
Suppose f - 9 = -2*f. Let j be (-1 - -5) + 0/f. Suppose -22 - 30 = -j*y. List the prime factors of y.
13
Suppose -1 = 4*v - r + 4, 4*r = -4*v + 20. List the prime factors of 12 - v*(-2)/8.
2, 3
Let r(n) = -5*n**3 + n**2 + 10*n + 1. Let a(d) = 4*d**3 - 2*d**2 - 9*d. Let c(o) = 4*a(o) + 3*r(o). What are the prime factors of c(6)?
3
Let w(v) = -25*v**3 + 4*v**2 + 2*v - 3. Let i(n) = n**3 - n**2 + 1. Let h(c) = 4*i(c) + w(c). List the prime factors of h(-1).
2, 5
Suppose j + 20 = 5*j. Suppose -j*g - 2 = 3. Let u(t) = -2*t**3 + t**2 - 1. List the prime factors of u(g).
2
Suppose -2*j + 7*j - 45 = 0. Let y(x) = x**2 - 7*x - 7. List the prime factors of y(j).
11
Suppose -25 + 1 = 2*v. Suppose 3*i + i = -120. What are the prime factors of 77/5 - v/i?
3, 5
Suppose -38 = 5*u + 147. Let a be 6/24 - (-202)/(-8). Let q = a - u. What are the prime factors of q?
2, 3
Let n(w) = -21*w - 42. What are the prime factors of n(-7)?
3, 5, 7
Let v(h) = h**2 + 7*h - 3. Let g be v(-7). List the prime factors of (g/(-3) + -26)/(-1).
5
Suppose -2*u = u - 186. Suppose u = 3*b - 5*b. Let c = -18 - b. List the prime factors of c.
13
Suppose -l + 15 = 4*l. Suppose -l*a + 16 = -2*a. List the prime factors of a.
2
Let d(h) = -h**3 - 8*h**2 - 8*h - 5. Let m be d(-7). List the prime factors of ((-1)/m)/((-4)/16).
2
Let p(r) = r**2 - r + 151. Let k be p(0). Let z = k - 97. What are the prime factors of z?
2, 3
Let b(g) = g**2 - 6*g + 1. Let f be b(5). List the prime factors of (2/f)/((-7)/98).
7
List the prime factors of 4*14/(3 + -2).
2, 7
Let f be 4/(-14) + (-4)/(-14). Suppose -2*t + f*t = 0. Suppose t = -4*u - 9 + 45. List the prime factors of u.
3
Suppose a = 21 + 14. What are the prime factors of a?
5, 7
Let d = 140 + -12. Suppose 0 = -3*t - 4*r + d, -t + 0*r + 31 = -r. What are the prime factors of t?
2, 3
Let m = -22 + 26. Suppose -m*b = -39 - 29. What are the prime factors of b?
17
Let a(p) = -p**2 - 9*p + 11. Let d be a(-9). What are the prime factors of (0 - (1 + 1)) + d?
3
Let b(t) = t - 6. Let o(a) = a - 5. Let c(v) = -5*b(v) + 6*o(v). Let d be c(2). Suppose -18 = -2*z - 2*p, 0 = -4*z - p - d*p + 40. List the prime factors of z.
13
Let r(a) = -3*a**3 - a**2 - 3*a - 1. Let k be r(-2). Suppose 0*h - 3*h = -24. Suppose j - 3*i + h - k = 0, -j - i = -9. List the prime factors of j.
11
Suppose 15 + 45 = 5*v. Let h(l) = l**2 - 7*l. Let z be h(7). Suppose z*f - f = -v. List the prime factors of f.
2, 3
Let m be -4*1/6*-3. Suppose 2*d + m*d - 184 = 0. What are the prime factors of d?
2, 23
Let o = 6 - 2. Suppose 76 = o*f + 2*z + 2*z, 0 = -4*f - 5*z + 77. Suppose f - 5 = g. List the prime factors of g.
13
Let l(u) = u**3 - 6*u**2 + u - 3. Let t = 17 - 11. Let w be l(t). Suppose 4*z - 24 = w*f, -4*z - 2*f = -f - 8. List the prime factors of z.
3
Let m = -3 - -17. Suppose 0 = 5*s - 3*s - 3*w - m, -2*w - 35 = -5*s. What are the prime factors of 14/(-49) - (-86)/s?
2, 3
Suppose 2*m + 3*k = -3*m + 62, 5*m - 4*k = 34. Let q be 4/m*-1*-20. List the prime factors of q/2 + 2*-1.
2
Suppose -4*f + 4 = -2*f. Let y be (-10)/(f + 4*-1). Suppose -r = -y*r + 16. What are the prime factors of r?
2
Suppose 4*u - 2*p - 372 = 3*p, -5*u + 5*p = -470. List the prime factors of u.
2, 7
Let q(d) = -95*d - 1. Let z be q(-1). Let t = z + -54. What are the prime factors of t?
2, 5
Let t(m) = 124*m. Let s be t(1). Suppose -2*n = -6*n + s. What are the prime factors of n?
31
Suppose -2*p + 870 = 4*s, -137 = -s + 2*p + 78. What are the prime factors of s?
7, 31
Suppose -2*t + 306 = -86. What are the prime factors of t?
2, 7
Suppose -3*t = -3*n + 387, 2*t = 3*n - 3 - 388. Suppose 5*z = 5*l + n - 38, 66 = 4*z - 2*l. List the prime factors of z.
2, 7
What are the prime factors of 14 - 2/(0 + -2)?
3, 5
Suppose 2 = g - 1. Let w(t) = 4*t - 1. Let n be w(g). Let h = n - 1. List the prime factors of h.
2, 5
Suppose i = 2*m + 119, -450 = 5*i - 9*i - 5*m. What are the prime factors of i?
5, 23
List the prime factors of (1 - -2) + -5 - -165.
163
Suppose 2*w + 3*r + 9 = 0, -3*w - 4*r = -5*w - 